ue of -8 + 6 - (45 + 0) - (130 - (133 - -3))?
-41
What is the value of 44 - (9 + 33 + -45 - -17)?
30
(-5 - -4 - (-1 - (-2 + -1))) + 2387 + -2387
-3
What is the value of -11 + (48 - 25) + -2 - 41?
-31
Evaluate (279 - 272 - (12 - 0)) + (113 - 3).
105
Evaluate (93 - 103) + 3 + -5 + (-6 - -11) + 76.
69
What is 19 + -39 - -44 - 42 - (4 + -2 - -6)?
-26
What is 6 + 11 + (-1 - -6) + -9 + (-57 - 20)?
-64
-11 + (2 - (3 + -2)) + 0 + 2 + -9
-17
Evaluate (-108 - -105) + -80 + 9 + 4 + -7.
-77
Calculate 2 - -24 - -10 - (-88 + 27).
97
Calculate 25 - (-30 + -19 + 11 + -3).
66
Calculate -1020 + 1023 + (-42 - 2) - -4.
-37
Evaluate -53 + 38 + -13 + 37 - (-29 - (0 + 0)).
38
Calculate (3 - (-30 + 5)) + 4 + (-10 - (-5 - 12)).
39
Evaluate -2 + 16 + (-3 - -1 - (160 - 171)).
23
(-98 - (-88 - 11)) + 81
82
-21 - (-11 + 33 - -8)
-51
Calculate 10 + -96 + 81 + -85.
-90
What is -3 - 14 - (-22 - (-28 + -8))?
-31
Calculate (-4 - 2) + (7 + -7 + -8 - (0 - 20)).
6
What is -2 + 56 - (-16 + 43 + -36) - -3?
66
What is the value of -33 + -106 + 68 + (1 + 6 - 2) - -1?
-65
What is the value of (-55 - 58) + (6 - (-1 + 19 + -5 + -1))?
-119
-4 + 113 - (43 - -12)
54
What is -3 - -49 - (47 + -132 - -92)?
39
Calculate -39 - (-21 - (20 + -8 + -25)).
-31
What is the value of (7 + 6 - -4) + -22 + 4 - (114 - -1)?
-116
(4 - 6) + 7 + 3 + -13 + -31
-36
-23 + 53 - (85 - -12 - -3)
-70
(2 - -45) + (29 - (-14 + (48 - 14)) - 13)
43
Calculate -276 + 282 + (2 + -3 - -2) - (-56 - 12).
75
What is 0 - 65 - (-6 - (-2 - 6) - (52 + -57))?
-72
Evaluate 11 + -32 + (-55 - -31).
-45
-24 - ((-13 - -18) + 14)
-43
What is the value of 47 - ((-3 + 8 + 2 - (-3 - 2)) + -17)?
52
Calculate 10 + 19 - (2 - (-3 - (3 - 9)) - -5).
25
Evaluate 34 + -121 + (13 - (11 + -16)).
-69
Calculate -32 + (7 + 57 - 46).
-14
What is the value of -4 + 60 + -33 - (-1 + -58)?
82
Evaluate -41 + 16 + 80 - 33.
22
0 + -30 - (5 + -10 + 11 - -3 - 11)
-28
What is the value of (1081 - 1079 - (12 + -4 - (-4 + 1))) + -23?
-32
What is 34 + 11 + -109 - (-79 + 41)?
-26
Calculate -65 - 0 - (8 + 37 + -60 + 32).
-82
What is the value of -14 - (-20 - -26) - (33 + 13)?
-66
What is -9 - (7 - -14 - 8 - 17) - (4 + 14)?
-23
What is -8576 + 8568 + (-1 + -22 - (-1 - -1))?
-31
Calculate 11 + (-45 - -31) + (-3 - 0).
-6
Calculate -1 + 21 + 76 + -56.
40
Evaluate -4 + 3 + 2 + (-35 + -7 - -35).
-6
What is 62 - ((-9 - (-1 + 0)) + (14 - -1)) - -10?
65
(1 - -65) + (13 - 1 - (71 - (79 + -17)))
69
What is the value of -70 + -20 + 0 + (48 - 33)?
-75
Calculate -325 - -366 - (36 - 6).
11
Evaluate -77 + 81 + -8 - (-66 + -1).
63
(-30 - (-36 + 20)) + 23
9
What is the value of -51 - (-2 - -3) - (-49 + 26 - -10 - -18)?
-57
What is the value of (2 - 29) + (644 - 642)?
-25
-9 - (1 + -4 + -2 + 9 - 7) - -13
7
What is the value of (30 - 92) + 121 - 7?
52
What is the value of -129 + -9 + (14 - -25) + 13?
-86
What is 75 - (-129 + 262 + -91)?
33
What is -28 + (-19 - -10) + (-3 - (-7 - 4))?
-29
-16 + 13 + (9 - (-4 + 8)) + 8
10
-131 - -22 - -264 - 64
91
What is the value of (6 + 2 - -14) + -88 + 76 - (7 - 1)?
4
Evaluate (17 - -9 - (1 + 13)) + -74 + -3 + 3.
-62
19 - (15 + (-22 - -15) + 0 + 1 - 9)
19
Evaluate -170 - (-41 + (-9 + 48 - 26) - -10).
-152
What is the value of 6 + 126 + -42 + -44?
46
What is 3517 + -3489 - (0 - -57)?
-29
Evaluate -64 + 166 + 16 + -30.
88
What is (3 - 19 - (-9 - -1 - -77)) + -19?
-104
Evaluate (-304 - -302) + -1 + -5 + 21 + -1.
12
What is (1 - 13 - (-524 + 527)) + 57?
42
What is -7 + (37 - 1 - 5) + -10?
14
Calculate -60 + 1 + 9 + (-13 - -8) + -2.
-57
What is -1 + 81 + -1280 + 1225?
25
What is the value of 5 - ((14 - (4 + 1)) + (261 - 218))?
-47
What is (7 - 3) + -5 - 29 - (13 + -7)?
-36
Calculate 690 + -650 - (-1 + -24).
65
What is the value of 0 + 11 - (0 + (-3 + -55 - -42))?
27
Evaluate (-44 + (16 - 5) - (-26 - -11)) + -93.
-111
What is the value of (-18 - -3) + (-9 - (3 - 17 - (-13 - -2)))?
-21
(-1 - (-2 + 2 + -16)) + 160 + -277 + 200
98
43 + -28 + 29 + -28 + (94 - 1)
109
Calculate 6 + (56 - 24) + 51 + -3.
86
What is (1528 - 1556 - (1 - 84)) + -1 + 3 + 0?
57
What is the value of 47 + -30 + 19 + (-19 - -2)?
19
Calculate 28 + (-32 - -3) + 20 + 1 + -4.
16
What is (-10 + 1 - (88 + -83)) + 21 - 39?
-32
39 + 2 + 41 + -105
-23
Evaluate (-9 - -32) + -18 - ((5 - -108) + 11 + -1).
-118
What is the value of 60 + -16 - (50 + -61) - (-2 + (4 - 1))?
54
Evaluate 20 - (74 - (80 + -27)).
-1
Calculate -43 + -1 + -2 - (-7 + 20 + -16 + 5).
-48
What is the value of 17 + 1 - (399 + -375) - -19?
13
Evaluate 10 - -3 - ((20 - -1) + -123 + 107).
8
11 + -80 + -15 + (8 - 7) + 11
-72
Calculate -39 - (22 + (-21 + 33 - 42)).
-31
What is the value of -58 + 22 + (-550 + 563 - (0 - 7))?
-16
What is the value of -10 - (54 - 30) - -10?
-24
What is the value of 12 - ((90 - (25 + 59)) + 25 + 1)?
-20
What is 42 + (33 - 24) + -71?
-20
(12 - (-53 - -49)) + -24
-8
What is the value of (-3 + 5 - 9) + -38 + (13 - 37) + 3?
-66
What is the value of (4 + 2 - 7) + 6 - ((-18 - -15) + -6)?
14
Calculate -12 + (-9 + -9 + 4 + 6 - 9).
-29
What is the value of 68 + (50 - 107) - (1 + -3)?
13
Calculate (182 - 226) + 6 + 13 + -6.
-31
What is 0 + 2 + 1 + 6 + 24 + -65?
-32
Evaluate 21 - (50 + (13 - (21 + -2))).
-23
Calculate 86 + -30 + -15 - 17.
24
What is 221 + -211 + (9 - (3 + -1)) + -66?
-49
What is the value of -128 - (-70 + 8 + -27)?
-39
Calculate (4 - -8) + (-20 - 13) - -10.
-11
-13089 + 13140 - (-71 - 0)
122
Evaluate 22 + -5 - (-45 + 56).
6
28 + -3 + -25 - (-55 + 12)
43
Calculate 0 - (9 + 19 + (46 - 54)).
-20
What is the value of (10830 - 10766) + (-80 - -2)?
-14
Evaluate (-12 - -8) + (-32 - (-31 + -1)).
-4
Calculate -20 + (25 + -12 - 4) - -25 - 23.
-9
Calculate (-44 - (-1 - (-8 + (13 - 11)))) + -11.
-60
Calculate 9 + (12 - 13 - 5) + -7 + -33.
-37
17 + -1 - (4 + -2 + 1) - (3996 + -4001)
18
What is the value of -29 + -42 + 34 + 38?
1
What is -20 + (51 + 116 - 56)?
91
What is -45 + (0 - (-3 - 9)) - (14 + 3)?
-50
What is (-2 - (22 + (0 - -3))) + (-5 - (-6 - 3))?
-23
Evaluate (1 - (-1 - 11)) + (-165 - -49) + 172.
69
Evaluate -32 + 2 + (88 + -27 - 85).
-54
What is the value of -124 + -41 + 146 + -136?
-155
215 - 2 - (22 + 87)
104
Calculate -39 + 36 + (19 - 39 - -35).
12
Evaluate (-102 - 50) + 150 - (-2 - -54 - (0 + 2)).
-52
What is the value of 37 + 18 + -5 + (-6 - (14 + 0))?
30
-18 + 56 + 132 + -73
97
What is the value of -2 + -1 + (37 - 52 - 78 - 16)?
-112
Evaluate -22 + (15 + -13 - -18) + -8 - 3.
-13
Calculate 25 + 49 + -32 + -49.
-7
What is (-7 + -23 - -8) + 35 + 22?
35
What is 50 + 47 + -12 + -42?
43
What is the value of 7 + (0 - -8) + 71 + 20 + -21?
85
What is the value of 10 - (3 + (-11 - 1) + (-9 - -20))?
8
Calculate -53 - ((38 - 1) + -120 + 112).
-82
Calculate 35 - 29 - (-4 + 85).
-75
What is 65 - (18 + 19 + 6 - 29)?
51
-1 + -1 - 18 - (-84 + (131 - 47))
-20
Calculate (-7 - 2) + 8 - -16 - (6 - 2) - -86.
97
What is the value of (3 - 7 - 44) + (867 - 792)?
27
Calculate 525 + -538 - (-4 + -56).
47
What is the value of 51 + -35 + 57 + -53?
20
What is the value of 69 - (62 - (-9 + 43))?
41
What is 3 + -61 + (1563 - 1452)?
53
What is the value of 40 + -6 + (21 - 3 - (2 - -4))?
46
Evaluate (105 - (-153 - -247)) + -143.
-132
What is (-118 - -385) + -222 + (-2 - ((2 - 1) + 0))?
42
-7 + 12 + ((-2 - -9) + 2 - 1)
13
Calculate 75 + (-49 - (17 - 70)).
79
What is ((17 - 7) + (-9 - -2) - -10) + -9?
4
Calculate 30 - (27 + -25 - 9 - -10).
27
Evaluate 123 + -1 - (-11 - (1 + (-15 - -21) - 20)).
120
What is -9 - 1 - (-21 - -20 - (-1 - 18) - -2)?
-30
Calculate 1 + -15 - (4574 + -4583).
-5
(-1 - (-11 + 4)) + 6 + (-4 - -17)
25
-9 + 41 + 62 + -39
55
1 - -15 - (42 - (-8 - -49)) - -45
60
What is the value of (1 - 17) + 13 + (3 - 12) + -2 + 7?
-7
What is -91 + (-1 + 2 - (1045 - 1024))?
-111
What is the value of (-100 - -23 - -86) + (-2 + 0 - 35)?
-28
(-124 + 1 + 3 - (0 - (-35 - -21))) + -6
-140
What is the value of 13 + -24 + 21 - 1 - 20?
-11
What is the value of (-2 + 13 - -7) + -67 - -39?
-10
What is the value of 4 + -4 + -6 + (13 - -8 - 25) - -10?
0
Calculate (2 - 0) + (-117 - -74 - 34) + -18.
-93
Calculate (21 - (-74 - -111) - (1 + -28)) + -143.
-132
-7 - (-9 + -3 + 8 - -4 - 2)
-5
-39 + (112 - 29 - 57)
-13
What is (-1 - -1 - 13) + 5044 + -5063?
-32
Calculate 1 - 0 - (10 + -14 + 56 + -124 + 131).
-58
Calculate (-18 - -36 - (-22 + 45)) + 